*o(w) + 6*s(w). What is the tens digit of t(9)?
2
Let k be 12/3*(-3)/(-6). Suppose k*q + 36 = q. Let d = q + 63. What is the units digit of d?
7
Let o = -2510 + 5263. What is the tens digit of o?
5
Suppose 2*v + 4*d + 12 = -12, 4*v + 28 = -4*d. Let g(k) be the second derivative of k**4/6 + k**3/6 - k**2 + 2*k. What is the units digit of g(v)?
4
Let o = 2 + 10. Suppose -5*m = -o*m + 770. What is the hundreds digit of m?
1
Let r be 15/(-6)*-4 + 2. Let q be ((-15)/(-10))/((-2)/r). What is the tens digit of ((-2)/(-4))/(q/(-468))?
2
Let l = 84 + -81. Suppose 0 = l*j - 15 - 21. What is the units digit of j?
2
What is the units digit of 2 - (2 - (5 + 3591))?
6
Let p(r) be the third derivative of r**5/10 + r**4/6 + r**3/6 - 41*r**2. What is the hundreds digit of p(5)?
1
Let l(k) = k**3 + 23*k**2 - 22*k + 32. What is the units digit of l(-21)?
6
What is the hundreds digit of (-559)/117 + 5 - 21956/(-18)?
2
Suppose -a - 3*j + 13 = 0, 5*a - 11 = -3*j + 6*j. Let p be 14/6 - a/12. Suppose i + p*i - 72 = 0. What is the tens digit of i?
2
Let x(w) = -w**3 - 2*w**2 - 2*w - 1. Let a be x(-1). Suppose a = 5*q - 47 + 122. Let z = 29 - q. What is the tens digit of z?
4
Suppose -96 = -t - 8. What is the units digit of t?
8
Let l be 24/10*7840/21. Let d be 2/(-9) + l/(-18). What is the units digit of (-6)/18 - d/6?
8
Suppose 2*d + m - 3 = 0, 2*m + 13 = 3*d - 2. Suppose i + d*i - 568 = 0. What is the hundreds digit of i?
1
Suppose 118*k - 8784 = 109*k. What is the tens digit of k?
7
Let h(g) = 11*g - 4*g**2 - 13*g + 1 - 9*g. Let r(y) = y**2 + y + 1. Let b(j) = h(j) + 6*r(j). What is the units digit of b(3)?
0
Suppose x = 33 - 46. Suppose 4*p - 116 = 4*q, -q + 2*q = -5*p + 133. Let i = x + p. What is the units digit of i?
4
Suppose 3*j + 34 = -0*v + 4*v, -3*j - v - 29 = 0. Let b be 3/(-6) - 45/j. What is the units digit of b*1 + (6 - -39)?
9
Let i be 0/(-3) - 6/(-3). Suppose -i - 8 = -2*o. Suppose -n = 2*l - 18 - 19, 2*n = -o*l + 79. What is the units digit of n?
7
What is the hundreds digit of -1218*(5 + -6) + -3?
2
Let f be ((-4)/6)/((-4)/228). Suppose -192 = f*g - 39*g. What is the tens digit of g?
9
Suppose 5*s - 5*z - 27 = -12, 5*s - 4*z = 10. Let v(y) = -3*y - 3. Let h be v(s). Suppose p = -0*p - 4, -h*n = 4*p - 62. What is the tens digit of n?
2
Let j(w) = 244*w - 254. What is the units digit of j(6)?
0
Let z = -1812 + 2068. What is the units digit of z?
6
Suppose -4*w + 5*w - 5 = 0. Suppose d + 2*x - 6*x = 13, 3*d - w = -5*x. Suppose 2*o = d + 7. What is the units digit of o?
6
Let b = -3 - -5. Suppose 3*y - 2*h + 4 = 3*h, 12 = 4*y + b*h. Suppose -y*c - 46 = -4*c. What is the tens digit of c?
2
Let i be 4/16*2 - (-783)/2. Let z = -267 + i. What is the units digit of z?
5
Let n be 0 - (-8)/6*-15. Suppose -4*r - j = -283, -3*r - 353 = -8*r - j. What is the tens digit of n/r - (-368)/14?
2
Let d(r) = -12*r**2 + r. Let z be d(1). Let v(i) = -10*i - 3. Let k be v(z). Suppose -97 = -2*s + 5*w, 25 = -2*s + 2*w + k. What is the units digit of s?
6
Let n be -1 + 254*(3 - 2). Let h = n + -178. What is the units digit of h?
5
Let d(a) = -2*a**2 - 11*a + 1. Let c be d(-5). What is the units digit of 2/16*c + 1058/8?
3
Suppose -4*k - 12 = 0, 22 = 3*r - 4*k + 4. Suppose -3*m = -r*b - 309 + 45, -5*b + 285 = 3*m. What is the units digit of m?
0
Let w(p) = p - 8. Let a(g) = -g**2 + 14*g - 3. Let f be a(13). Let u be w(f). Suppose 3*y = -u*y + 140. What is the tens digit of y?
2
Let y(l) = -l**2 + 8*l - 3. Let x be y(7). Suppose 0 = x*h + 10 - 122. What is the tens digit of h?
2
Suppose -58*m = -56*m - 16. Suppose 0 = -m*p + 163 - 35. What is the tens digit of p?
1
Let m(f) = -36*f**2 - 4*f + 7. Let k(g) = g**2 - g + 1. Let j(n) = 3*k(n) - m(n). What is the hundreds digit of j(2)?
1
Suppose -7546 = -11*i + 2255. What is the units digit of i?
1
Suppose -4*v - 4 + 12 = 0. Suppose -22 = -l + n + 44, 4*l = -v*n + 234. What is the units digit of l?
1
Let v(j) = -j + 30. Suppose 0 = -4*p + 2*o + 48, 4*o = 2*p - p - 12. What is the tens digit of v(p)?
1
Let q(o) = -286*o + 190. What is the units digit of q(-5)?
0
Let z = 13 + -10. Suppose z*d + 2 = 4*d. Suppose -7*s + 3*s - q = -68, -4*q = -d*s + 52. What is the tens digit of s?
1
Let x = 66 + 289. What is the hundreds digit of x?
3
What is the units digit of (-20)/30 - (-890)/3?
6
Let o(n) be the second derivative of 32*n**3/3 - 3*n**2 - 11*n. What is the units digit of o(2)?
2
Suppose -3*m - 29 = 34. Let c be (-16)/(-28) + (-660)/m. Suppose 2*x - 2 = c. What is the units digit of x?
7
Suppose -578 = -2*z - 2*m, -2*z + 4*m + 476 = -90. What is the units digit of z?
7
Suppose -3*i - d = -2071, -9*d - 3457 = -5*i - 12*d. What is the tens digit of i?
8
Suppose 4*x = -5*b + 462 + 1618, -x - 5*b + 520 = 0. Let h = x - 310. What is the hundreds digit of h?
2
What is the tens digit of ((-3)/(12/710))/((-6)/12)?
5
What is the hundreds digit of 6/(-1) - (-94 - 900)?
9
Suppose 0 = -3*v + v + 16. Let l be (55/(-22))/((-1)/(-2)). Let o = l + v. What is the units digit of o?
3
Let a(d) = 5*d**2 + 6*d + 10. What is the hundreds digit of a(-6)?
1
What is the tens digit of 68/(-578) - ((-8436)/34)/1?
4
Let f(h) = h**2 - 13*h + 13. Let a be 45 + (-6)/(-2) + -5. Suppose -r + a = 4*w, w - 44 = -w + 4*r. What is the units digit of f(w)?
1
Let z(f) = -2*f**3 - 16*f**2 - 14*f - 19. What is the units digit of z(-10)?
1
Let k(r) = 2*r**3 + 10*r**2 - 19*r - 31. What is the tens digit of k(10)?
7
Let l(m) = -2*m**3 + 4*m**2 + 2*m + 4. Suppose 12*t - 14*t + 10 = 0. Let o be l(t). What is the units digit of 2 - 1 - o/8?
8
Let j(l) = -7*l + 5*l**2 + 2*l + 2*l - 2 + l. What is the units digit of j(4)?
0
Let u(h) = -5*h + 20. Let a(l) be the third derivative of -l**4/8 + 5*l**3/6 - 13*l**2. Let b be a(5). What is the tens digit of u(b)?
7
Let o be 34 - (4 - (-3 - -9)). Suppose 0 = 3*z - 3*h + o, 0 = -3*z - h - h - 21. What is the tens digit of z/(-12) - (-287)/28?
1
Let x = -12 - -12. Suppose -3*p + 4*p - 40 = x. What is the units digit of (1 - 6)/((-5)/p)?
0
Let f(o) = 3*o**2 + 2*o + 1. Let b be f(-1). Let p be (0/b)/(4/(-2)). Suppose 3*a = -6, p = g + 5*a + 1 - 17. What is the units digit of g?
6
Let k be ((-15)/6)/((-3)/6). Suppose 2*d = 2*g - 118, k*g - 402 = -5*d - 57. Let l = g + -15. What is the units digit of l?
9
Suppose 30 = -5*b - 0. Let z = 107 + -211. What is the units digit of z/b*(-21)/(-14)?
6
Let i = -3 + 4. Let h = 3 + -1. What is the units digit of 27 - (i - -2 - h)?
6
Let i(k) = 26*k**2 + 93*k - 15. What is the tens digit of i(-7)?
0
Let c = 162 + 732. What is the tens digit of c?
9
Let b = 4 - -8. Let y be (-151)/(-3) + (-4)/b. Suppose -y - 28 = -3*j. What is the tens digit of j?
2
Let b be 1 + -1 + (7 - 4). Suppose 54 = -0*d + b*d. What is the units digit of d?
8
Let g(r) = 6*r**2 + 5*r + 1. Let v(a) = 5*a**2 + a. Let j be v(-1). What is the tens digit of g(j)?
1
Suppose 2*r = -0*s + s + 13, 0 = -3*r + 3*s + 21. Suppose r*w - w = 140. Let x = -12 + w. What is the units digit of x?
6
Suppose 656 + 1692 = 2*w + 3*s, -2*w = 5*s - 2344. What is the thousands digit of w?
1
Suppose 5*z - 10 = -c, -3*z + 0 + 6 = 4*c. Suppose -2*y = -c*v - 4*v + 224, -v + 53 = -2*y. What is the tens digit of v?
5
Let f = -14 + 1. Let k(w) = -w**3 - 11*w**2 + 13*w - 30. What is the hundreds digit of k(f)?
1
Suppose -y + 1224 = 4*r, -4*y - y = -3*r + 941. Let g = r + -218. What is the units digit of g?
9
Suppose x + r - 55 = 3*r, 0 = 2*r. Let h be (-4)/(-10) - (-23)/5. Suppose g - 51 = -h*z, z + x = 3*g - 18. What is the tens digit of g?
2
Let v = -70 - -72. Suppose -8*w = -v*x - 6*w + 20, 0 = 2*x - 5*w - 29. What is the units digit of x?
7
Let h = -2958 - -4290. What is the thousands digit of h?
1
Suppose 190 = 2*q + 3*r, 2*r = -q + 65 + 30. Suppose -2*m = 3*m - q. What is the tens digit of m?
1
Suppose 5*i - 4033 = 11*l - 7*l, -1633 = -2*i - 5*l. What is the units digit of i?
9
Let y be (416/(-20))/(2/(-5)). Suppose -4*r + y = -0*r. What is the tens digit of r?
1
Let l(s) = -80*s + 31. What is the units digit of l(-6)?
1
Suppose -24*c - 43484 = -38*c. What is the units digit of c?
6
Let u be (-6)/12*(1 - 1). Let p be -2 + (-2 - (-4 + u)). Suppose o + p*o + 3*t = -1, -3*o - 5*t + 1 = 0. What is the units digit of o?
2
Suppose -3*i + i + 2274 = 4*g, 25 = -5*i. W